{"id":23,"date":"2015-11-06T23:23:48","date_gmt":"2015-11-06T22:23:48","guid":{"rendered":"http:\/\/tomheithoff.de\/wordpress\/?page_id=23"},"modified":"2025-11-06T11:05:26","modified_gmt":"2025-11-06T10:05:26","slug":"23-2","status":"publish","type":"page","link":"https:\/\/tomheithoff.de\/?page_id=23","title":{"rendered":"\u00dcbersetzung"},"content":{"rendered":"<p class=\"western\">Abgeschlossenes Studium der Germanistik und Theaterwissenschaft (Magister Artium)<\/p>\n<p class=\"western\">20-j\u00e4hrige Erfahrung als Autor, Journalist und \u00dcbersetzer (aus dem Franz\u00f6sischen). <strong>Abnehmer<\/strong>: B\u00f6hlau Verlag, Zabern Verlag, Deutsches Forum f\u00fcr Kunstgeschichte Paris, Deutscher Kunstverlag, Bundeskunsthalle Bonn, Berlin-Brandenburgische Akademie der Wissenschaften, Technische Universit\u00e4t Berlin, Universit\u00e4t Rouen, Universit\u00e4t Leipzig, Editions de parfums Fr\u00e9d\u00e9ric Malle, Paris, Tagesspiegel, Badische Zeitung, ddp, Deutschlandfunk, DLF Kultur, SWR, WDR, SRF, HR, ORF u.a.<\/p>\n<p class=\"western\">Bei Fragen oder Anfragen schreiben Sie bitte an: tom.heithoff[at]gmx.de<\/p>\n<p class=\"western\"><strong><a href=\"https:\/\/www.amazon.de\/Kunstraub-Konfiszierungen-Deutschland-europ%C3%A4ischen-Kunstwerke\/dp\/3205784278\/ref=sr_1_1?s=books&amp;ie=UTF8&amp;qid=1505292449&amp;sr=1-1\">2010 erschien meine \u00dcbersetzung von \u00a0B\u00e9n\u00e9dicte Savoy: Kunstraub &#8211;\u00a0Napoleons Konfiszierungen in Deutschland und die europ\u00e4ischen Folgen<\/a>.<\/strong> \u00dcbersetzung: Tom Heithoff. 496 Seiten + 500 Seiten auf CD-Rom mit Ausstellungskatalog, \u00a0B\u00f6hlau Verlag,\u00a0Wien 2010.<\/p>\n<p class=\"western\"><a href=\"http:\/\/tomheithoff.de\/wp-content\/uploads\/2015\/11\/9783205784272-cover-l1.jpg\"><img loading=\"lazy\" decoding=\"async\" class=\"alignnone wp-image-12\" src=\"http:\/\/tomheithoff.de\/wp-content\/uploads\/2015\/11\/9783205784272-cover-l1-214x300.jpg\" alt=\"9783205784272-cover-l\" width=\"158\" height=\"222\" srcset=\"https:\/\/tomheithoff.de\/wp-content\/uploads\/2015\/11\/9783205784272-cover-l1-214x300.jpg 214w, https:\/\/tomheithoff.de\/wp-content\/uploads\/2015\/11\/9783205784272-cover-l1.jpg 387w\" sizes=\"auto, (max-width: 158px) 100vw, 158px\" \/><\/a><\/p>\n<p class=\"western\"><strong>Pressespiegel:\u00a0<\/strong><\/p>\n<p class=\"western\">\u201eUm es vorweg zu sagen: Dieses Buch ist ausgezeichnet, gut geschrieben und spannend zu lesen.\u201c (Deutschlandfunk)<\/p>\n<p class=\"western\">\u201eEin fesselndes, kulturhistorisches Panorama.\u201c (Frankfurter Allgemeine Zeitung)<\/p>\n<p class=\"western\">\u201eB\u00e9n\u00e9dicte Savoys souver\u00e4ne Darstellung dieses komplexen und lange verkannten\u00a0 deutsch-franz\u00f6sischen Kulturtransfers, die sich einer akribischen Auswertung zahlreicher und weitverbreiteter Quellen verdankt, n\u00f6tigt ungeteilte Bewunderung ab. Dass diese wissenschaftliche Monographie zugleich aber auch einen vorz\u00fcglich geschriebenen und spannenden Lekt\u00fcregenuss bietet, macht dieses Werk zu einem seltenen Erlebnis.\u201c\u00a0\u00a0\u00a0\u00a0\u00a0\u00a0\u00a0\u00a0\u00a0\u00a0\u00a0 (S\u00fcddeutsche Zeitung)<\/p>\n<p class=\"western\"><strong>2017 erschienen die von mir \u00fcbersetzten B\u00fccher (Deutscher Kunstverlag)<\/strong><\/p>\n<p><a href=\"https:\/\/www.amazon.de\/Nach-Befreiung-Frankreich-1944-1947-Passerelles\/dp\/3422072896\/ref=sr_1_2?s=books&amp;ie=UTF8&amp;qid=1505292212&amp;sr=1-2\"><strong>Nach der Befreiung. Frankreich und die Kunst<\/strong><\/a> und <a href=\"https:\/\/www.amazon.de\/Ritter-Reuter-deutsche-Ideologie-Passerelles\/dp\/3422072888\/ref=sr_1_3?s=books&amp;ie=UTF8&amp;qid=1505292212&amp;sr=1-3\"><strong>Ritter oder Reuter. D\u00fcrer und die deutsche Ideologie<\/strong><\/a><\/p>\n<p class=\"western\"><a href=\"http:\/\/tomheithoff.de\/wp-content\/uploads\/203200_.jpg\"><img loading=\"lazy\" decoding=\"async\" class=\"alignnone size-medium wp-image-129\" src=\"http:\/\/tomheithoff.de\/wp-content\/uploads\/203200_-179x300.jpg\" alt=\"203,200_\" width=\"179\" height=\"300\" srcset=\"https:\/\/tomheithoff.de\/wp-content\/uploads\/203200_-179x300.jpg 179w, https:\/\/tomheithoff.de\/wp-content\/uploads\/203200_-90x150.jpg 90w, https:\/\/tomheithoff.de\/wp-content\/uploads\/203200_.jpg 298w\" sizes=\"auto, (max-width: 179px) 100vw, 179px\" \/><\/a>\u00a0 \u00a0 \u00a0 \u00a0 \u00a0 \u00a0 \u00a0 \u00a0 \u00a0 \u00a0<a href=\"http:\/\/tomheithoff.de\/wp-content\/uploads\/41902987z.jpg\"><img loading=\"lazy\" decoding=\"async\" class=\"alignnone size-medium wp-image-130\" src=\"http:\/\/tomheithoff.de\/wp-content\/uploads\/41902987z-179x300.jpg\" alt=\"41902987z\" width=\"179\" height=\"300\" srcset=\"https:\/\/tomheithoff.de\/wp-content\/uploads\/41902987z-179x300.jpg 179w, https:\/\/tomheithoff.de\/wp-content\/uploads\/41902987z-89x150.jpg 89w, https:\/\/tomheithoff.de\/wp-content\/uploads\/41902987z.jpg 250w\" sizes=\"auto, (max-width: 179px) 100vw, 179px\" \/><\/a><\/p>\n","protected":false},"excerpt":{"rendered":"<p>Abgeschlossenes Studium der Germanistik und Theaterwissenschaft (Magister Artium) 20-j\u00e4hrige Erfahrung als Autor, Journalist und \u00dcbersetzer (aus dem Franz\u00f6sischen). Abnehmer: B\u00f6hlau Verlag, Zabern Verlag, Deutsches Forum f\u00fcr Kunstgeschichte Paris, Deutscher Kunstverlag, Bundeskunsthalle Bonn, Berlin-Brandenburgische Akademie der Wissenschaften, Technische Universit\u00e4t Berlin, Universit\u00e4t Rouen, Universit\u00e4t Leipzig, Editions de parfums Fr\u00e9d\u00e9ric Malle, Paris, Tagesspiegel, Badische Zeitung, ddp, Deutschlandfunk, DLF&#8230;<\/p>\n","protected":false},"author":1,"featured_media":0,"parent":0,"menu_order":0,"comment_status":"closed","ping_status":"closed","template":"","meta":{"_kad_post_transparent":"","_kad_post_title":"","_kad_post_layout":"","_kad_post_sidebar_id":"","_kad_post_content_style":"","_kad_post_vertical_padding":"","_kad_post_feature":"","_kad_post_feature_position":"","_kad_post_header":false,"_kad_post_footer":false,"_kad_post_classname":"","footnotes":""},"class_list":["post-23","page","type-page","status-publish","hentry"],"_links":{"self":[{"href":"https:\/\/tomheithoff.de\/index.php?rest_route=\/wp\/v2\/pages\/23","targetHints":{"allow":["GET"]}}],"collection":[{"href":"https:\/\/tomheithoff.de\/index.php?rest_route=\/wp\/v2\/pages"}],"about":[{"href":"https:\/\/tomheithoff.de\/index.php?rest_route=\/wp\/v2\/types\/page"}],"author":[{"embeddable":true,"href":"https:\/\/tomheithoff.de\/index.php?rest_route=\/wp\/v2\/users\/1"}],"replies":[{"embeddable":true,"href":"https:\/\/tomheithoff.de\/index.php?rest_route=%2Fwp%2Fv2%2Fcomments&post=23"}],"version-history":[{"count":28,"href":"https:\/\/tomheithoff.de\/index.php?rest_route=\/wp\/v2\/pages\/23\/revisions"}],"predecessor-version":[{"id":1441,"href":"https:\/\/tomheithoff.de\/index.php?rest_route=\/wp\/v2\/pages\/23\/revisions\/1441"}],"wp:attachment":[{"href":"https:\/\/tomheithoff.de\/index.php?rest_route=%2Fwp%2Fv2%2Fmedia&parent=23"}],"curies":[{"name":"wp","href":"https:\/\/api.w.org\/{rel}","templated":true}]}}